{"version":"1.0","provider_name":"Portal MF","provider_url":"https:\/\/portalmf.com.br","title":"Prefeito anuncia Pablo na Micareta de Feira 2026 - Portal MF","type":"rich","width":600,"height":338,"html":"<blockquote class=\"wp-embedded-content\" data-secret=\"AG90Fs7HNv\"><a href=\"https:\/\/portalmf.com.br\/index.php\/2026\/04\/08\/prefeito-anuncia-pablo-na-micareta-de-feira-2026\/\">Prefeito anuncia Pablo na Micareta de Feira 2026<\/a><\/blockquote><iframe sandbox=\"allow-scripts\" security=\"restricted\" src=\"https:\/\/portalmf.com.br\/index.php\/2026\/04\/08\/prefeito-anuncia-pablo-na-micareta-de-feira-2026\/embed\/#?secret=AG90Fs7HNv\" width=\"600\" height=\"338\" title=\"&#8220;Prefeito anuncia Pablo na Micareta de Feira 2026&#8221; &#8212; Portal MF\" data-secret=\"AG90Fs7HNv\" frameborder=\"0\" marginwidth=\"0\" marginheight=\"0\" scrolling=\"no\" class=\"wp-embedded-content\"><\/iframe><script type=\"text\/javascript\">\n\/* <![CDATA[ *\/\n\/*! This file is auto-generated *\/\n!function(d,l){\"use strict\";l.querySelector&&d.addEventListener&&\"undefined\"!=typeof URL&&(d.wp=d.wp||{},d.wp.receiveEmbedMessage||(d.wp.receiveEmbedMessage=function(e){var t=e.data;if((t||t.secret||t.message||t.value)&&!\/[^a-zA-Z0-9]\/.test(t.secret)){for(var s,r,n,a=l.querySelectorAll('iframe[data-secret=\"'+t.secret+'\"]'),o=l.querySelectorAll('blockquote[data-secret=\"'+t.secret+'\"]'),c=new RegExp(\"^https?:$\",\"i\"),i=0;i<o.length;i++)o[i].style.display=\"none\";for(i=0;i<a.length;i++)s=a[i],e.source===s.contentWindow&&(s.removeAttribute(\"style\"),\"height\"===t.message?(1e3<(r=parseInt(t.value,10))?r=1e3:~~r<200&&(r=200),s.height=r):\"link\"===t.message&&(r=new URL(s.getAttribute(\"src\")),n=new URL(t.value),c.test(n.protocol))&&n.host===r.host&&l.activeElement===s&&(d.top.location.href=t.value))}},d.addEventListener(\"message\",d.wp.receiveEmbedMessage,!1),l.addEventListener(\"DOMContentLoaded\",function(){for(var e,t,s=l.querySelectorAll(\"iframe.wp-embedded-content\"),r=0;r<s.length;r++)(t=(e=s[r]).getAttribute(\"data-secret\"))||(t=Math.random().toString(36).substring(2,12),e.src+=\"#?secret=\"+t,e.setAttribute(\"data-secret\",t)),e.contentWindow.postMessage({message:\"ready\",secret:t},\"*\")},!1)))}(window,document);\n\/* ]]> *\/\n<\/script>\n","thumbnail_url":"https:\/\/portalmf.com.br\/wp-content\/uploads\/2024\/02\/Pablo-traz-turne-comemorativa-de-20-anos-de-carreira-para-Salvador-no-dia-6-de-abril.jpg","thumbnail_width":1600,"thumbnail_height":1067,"description":"Depois de j\u00e1 confirmar grandes nomes como L\u00e9o Santana e Pedro Sampaio, a Micareta de Feira de Santana 2026 ganha mais um refor\u00e7o de peso: o cantor Pablo tamb\u00e9m est\u00e1 confirmado na festa. O an\u00fancio foi feito pelo prefeito Jos\u00e9 Ronaldo de Carvalho, que destacou a for\u00e7a do artista junto ao p\u00fablico feirense. \u201cNossa Micareta [&hellip;]"}

Depois de já confirmar grandes nomes como Léo Santana e Pedro Sampaio, a Micareta de Feira de Santana 2026 ganha mais um reforço de peso: o cantor Pablo também está confirmado na festa. O anúncio foi feito pelo prefeito José Ronaldo de Carvalho, que destacou a força do artista junto ao público feirense. “Nossa Micareta [&hellip;]
